1402?
7
What is the remainder when 500546 is divided by 12?
2
Calculate the remainder when 18491622 is divided by 306.
42
What is the remainder when 921774 is divided by 243?
75
What is the remainder when 28530654 is divided by 318?
12
Calculate the remainder when 19424020 is divided by 54257.
14
Calculate the remainder when 25090692 is divided by 945.
942
Calculate the remainder when 1149087 is divided by 297.
291
Calculate the remainder when 43733367 is divided by 875.
867
Calculate the remainder when 24012 is divided by 369.
27
Calculate the remainder when 16285472 is divided by 36.
8
Calculate the remainder when 394073 is divided by 2239.
9
What is the remainder when 120121 is divided by 499?
361
Calculate the remainder when 186597 is divided by 1278.
9
What is the remainder when 202712 is divided by 223?
5
Calculate the remainder when 523285055 is divided by 72.
71
What is the remainder when 10676807 is divided by 69?
23
What is the remainder when 13851172 is divided by 5726?
5704
Calculate the remainder when 332022 is divided by 10983.
2532
What is the remainder when 6621910 is divided by 118?
104
Calculate the remainder when 888773 is divided by 49.
11
What is the remainder when 246023201 is divided by 82007731?
8
What is the remainder when 841400 is divided by 2763?
1448
What is the remainder when 35120 is divided by 400?
320
What is the remainder when 653377 is divided by 2214?
247
What is the remainder when 534449698 is divided by 450?
448
Calculate the remainder when 6504176 is divided by 338.
42
What is the remainder when 306599 is divided by 1448?
1071
What is the remainder when 123552622 is divided by 208?
206
What is the remainder when 32559116 is divided by 1015?
961
What is the remainder when 4376994 is divided by 35298?
42
Calculate the remainder when 585947 is divided by 195210.
317
What is the remainder when 1343344 is divided by 447773?
25
What is the remainder when 87356 is divided by 29111?
23
What is the remainder when 1356587 is divided by 169506?
539
Calculate the remainder when 255709 is divided by 242.
157
Calculate the remainder when 4808505 is divided by 1202124.
9
What is the remainder when 1443164 is divided by 408?
68
What is the remainder when 17843 is divided by 3153?
2078
What is the remainder when 736307 is divided by 183952?
499
What is the remainder when 88424 is divided by 11051?
16
What is the remainder when 114426 is divided by 57134?
158
Calculate the remainder when 127045 is divided by 189.
37
What is the remainder when 306171 is divided by 6121?
121
Calculate the remainder when 141399 is divided by 12845.
104
What is the remainder when 1316608 is divided by 235?
138
Calculate the remainder when 11034009 is divided by 1963.
1949
Calculate the remainder when 9112051 is divided by 251.
249
Calculate the remainder when 171422133 is divided by 1193.
1156
What is the remainder when 612336 is divided by 612319?
17
Calculate the remainder when 6221 is divided by 763.
117
Calculate the remainder when 1043658 is divided by 214.
194
What is the remainder when 19708130 is divided by 12442?
2
What is the remainder when 1328176 is divided by 1277?
96
What is the remainder when 1800797 is divided by 3?
2
Calculate the remainder when 2515183 is divided by 1257525.
133
Calculate the remainder when 90927715 is divided by 461562.
1
Calculate the remainder when 238226 is divided by 4168.
650
Calculate the remainder when 583545 is divided by 1191.
1146
What is the remainder when 159772697 is divided by 33?
29
Calculate the remainder when 996307 is divided by 146.
3
What is the remainder when 2668445 is divided by 889174?
923
What is the remainder when 85101649 is divided by 443?
20
Calculate the remainder when 31800 is divided by 1316.
216
Calculate the remainder when 25091766 is divided by 1603.
7
Calculate the remainder when 73279 is divided by 20314.
12337
What is the remainder when 787081 is divided by 393471?
139
Calculate the remainder when 74145 is divided by 11520.
5025
Calculate the remainder when 2334683 is divided by 93.
11
Calculate the remainder when 24296960 is divided by 194.
12
What is the remainder when 23065663 is divided by 406?
397
Calculate the remainder when 715765 is divided by 237.
25
What is the remainder when 11955633 is divided by 36?
33
What is the remainder when 161737 is divided by 80828?
81
What is the remainder when 172966033 is divided by 1201153?
1
Calculate the remainder when 198628 is divided by 520.
508
What is the remainder when 67400 is divided by 8418?
56
Calculate the remainder when 69859 is divided by 19253.
12100
Calculate the remainder when 24666999 is divided by 250.
249
Calculate the remainder when 13808135 is divided by 849.
848
What is the remainder when 45263781 is divided by 2003?
1990
Calculate the remainder when 30137891 is divided by 23768.
67
Calculate the remainder when 273526 is divided by 45574.
82
Calculate the remainder when 50406358 is divided by 34.
32
Calculate the remainder when 335125 is divided by 33495.
175
Calculate the remainder when 2980687 is divided by 44487.
58
Calculate the remainder when 279410 is divided by 139532.
346
What is the remainder when 10482368 is divided by 524117?
28
Calculate the remainder when 40060360 is divided by 20030180.
0
What is the remainder when 903732 is divided by 236?
88
Calculate the remainder when 6152141 is divided by 3821.
331
What is the remainder when 7191773 is divided by 56627?
144
Calculate the remainder when 1359395 is divided by 28320.
35
Calculate the remainder when 557856 is divided by 9958.
208
Calculate the remainder when 62258111 is divided by 1778803.
6
Calculate the remainder when 30187 is divided by 1902.
1657
Calculate the remainder when 734198 is divided by 617.
585
What is the remainder when 3027 is divided by 1624?
1403
What is the remainder when 120521771 is divided by 2142?
2141
Calculate the remainder when 376997123 is divided by 209.
206
What is the remainder when 2325342 is divided by 19060?
22
What is the remainder when 1842568 is divided by 56?
0
Calculate the remainder when 14493 is divided by 6916.
661
Calculate the remainder when 10501559 is divided by 954687.
2
What is the remainder when 1129287 is divided by 5869?
2439
What is the remainder when 8949901 is divided by 6659?
205
Calculate the remainder when 3417238 is divided by 126.
118
Calculate the remainder when 1110496614 is divided by 808.
806
What is the remainder when 1473166 is divided by 185?
11
Calculate the remainder when 329513 is divided by 40.
33
What is the remainder when 258526809 is divided by 46?
1
What is the remainder when 1860652 is divided by 46?
44
Calculate the remainder when 27302389 is divided by 1516796.
61
What is the remainder when 1299828 is divided by 94?
90
Calculate the remainder when 20435211 is divided by 1702934.
3
Calculate the remainder when 75521 is divided by 5133.
3659
Calculate the remainder when 1034985 is divided by 206927.
350
What is the remainder when 3261333 is divided by 52?
49
What is the remainder when 1083745 is divided by 2059?
711
What is the remainder when 1546221 is divided by 737?
732
What is the remainder when 3924441 is divided by 217990?
621
What is the remainder when 264185 is divided by 150?
35
Calculate the remainder when 20910204 is divided by 93.
84
What is the remainder when 32694 is divided by 6479?
299
Calculate the remainder when 55894 is divided by 1662.
1048
What is the remainder when 226888 is divided by 825?
13
What is the remainder when 4255159 is divided by 20?
19
Calculate the remainder when 1412530 is divided by 827.
14
Calculate the remainder when 65837 is divided by 414.
11
Calculate the remainder when 6581051 is divided by 31.
30
Calculate the remainder when 4525421 is divided by 76702.
3
What is the remainder when 3697594 is divided by 869?
868
What is the remainder when 285734038 is divided by 120?
118
What is the remainder when 401930 is divided by 848?
826
What is the remainder when 25831351 is divided by 84?
7
Calculate the remainder when 4194 is divided by 4156.
38
What is the remainder when 34951289 is divided by 10?
9
Calculate the remainder when 192762 is divided by 48183.
30
What is the remainder when 18852363 is divided by 526?
523
Calculate t